[INFO] cloning repository https://github.com/BlueGhostGH/advent-of-code-2021
[INFO] running `Command { std: "git" "-c" "credential.helper=" "-c" "credential.helper=/workspace/cargo-home/bin/git-credential-null" "clone" "--bare" "https://github.com/BlueGhostGH/advent-of-code-2021" "/workspace/cache/git-repos/https%3A%2F%2Fgithub.com%2FBlueGhostGH%2Fadvent-of-code-2021", kill_on_drop: false }`
[INFO] [stderr] Cloning into bare repository '/workspace/cache/git-repos/https%3A%2F%2Fgithub.com%2FBlueGhostGH%2Fadvent-of-code-2021'...
[INFO] running `Command { std: "git" "rev-parse" "HEAD", kill_on_drop: false }`
[INFO] [stdout] a972170098a43d1d80c2d1cecdffaf416f2a3abc
[INFO] checking BlueGhostGH/advent-of-code-2021 against master#e6e4f7ed1589e03bc2f6c5931c1a72e7947e8682 for beta-170-4
[INFO] running `Command { std: "git" "clone" "/workspace/cache/git-repos/https%3A%2F%2Fgithub.com%2FBlueGhostGH%2Fadvent-of-code-2021" "/workspace/builds/worker-7-tc2/source", kill_on_drop: false }`
[INFO] [stderr] Cloning into '/workspace/builds/worker-7-tc2/source'...
[INFO] [stderr] done.
[INFO] validating manifest of git repo https://github.com/BlueGhostGH/advent-of-code-2021 on toolchain e6e4f7ed1589e03bc2f6c5931c1a72e7947e8682
[INFO] running `Command { std: CARGO_HOME="/workspace/cargo-home" RUSTUP_HOME="/workspace/rustup-home" "/workspace/cargo-home/bin/cargo" "+e6e4f7ed1589e03bc2f6c5931c1a72e7947e8682" "metadata" "--manifest-path" "Cargo.toml" "--no-deps", kill_on_drop: false }`
[INFO] started tweaking git repo https://github.com/BlueGhostGH/advent-of-code-2021
[INFO] finished tweaking git repo https://github.com/BlueGhostGH/advent-of-code-2021
[INFO] tweaked toml for git repo https://github.com/BlueGhostGH/advent-of-code-2021 written to /workspace/builds/worker-7-tc2/source/Cargo.toml
[INFO] crate git repo https://github.com/BlueGhostGH/advent-of-code-2021 already has a lockfile, it will not be regenerated
[INFO] running `Command { std: CARGO_HOME="/workspace/cargo-home" RUSTUP_HOME="/workspace/rustup-home" "/workspace/cargo-home/bin/cargo" "+e6e4f7ed1589e03bc2f6c5931c1a72e7947e8682" "fetch" "--manifest-path" "Cargo.toml", kill_on_drop: false }`
[INFO] running `Command { std: "docker" "create" "-v" "/var/lib/crater-agent-workspace/builds/worker-7-tc2/target:/opt/rustwide/target:rw,Z" "-v" "/var/lib/crater-agent-workspace/builds/worker-7-tc2/source:/opt/rustwide/workdir:ro,Z" "-v" "/var/lib/crater-agent-workspace/cargo-home:/opt/rustwide/cargo-home:ro,Z" "-v" "/var/lib/crater-agent-workspace/rustup-home:/opt/rustwide/rustup-home:ro,Z" "-e" "SOURCE_DIR=/opt/rustwide/workdir" "-e" "CARGO_TARGET_DIR=/opt/rustwide/target" "-e" "CARGO_HOME=/opt/rustwide/cargo-home" "-e" "RUSTUP_HOME=/opt/rustwide/rustup-home" "-w" "/opt/rustwide/workdir" "-m" "1610612736" "--user" "0:0" "--network" "none" "ghcr.io/rust-lang/crates-build-env/linux@sha256:19e73879b68f455e41552ea35293514db52ea292d993f571636dbffedb77a1ee" "/opt/rustwide/cargo-home/bin/cargo" "+e6e4f7ed1589e03bc2f6c5931c1a72e7947e8682" "metadata" "--no-deps" "--format-version=1", kill_on_drop: false }`
[INFO] [stdout] 0882e4e97f55eecd0fd6c487b94ca5ccc35a33b603d6ffb27a9a4d56f528cb7a
[INFO] running `Command { std: "docker" "start" "-a" "0882e4e97f55eecd0fd6c487b94ca5ccc35a33b603d6ffb27a9a4d56f528cb7a", kill_on_drop: false }`
[INFO] running `Command { std: "docker" "inspect" "0882e4e97f55eecd0fd6c487b94ca5ccc35a33b603d6ffb27a9a4d56f528cb7a", kill_on_drop: false }`
[INFO] running `Command { std: "docker" "rm" "-f" "0882e4e97f55eecd0fd6c487b94ca5ccc35a33b603d6ffb27a9a4d56f528cb7a", kill_on_drop: false }`
[INFO] [stdout] 0882e4e97f55eecd0fd6c487b94ca5ccc35a33b603d6ffb27a9a4d56f528cb7a
[INFO] running `Command { std: "docker" "create" "-v" "/var/lib/crater-agent-workspace/builds/worker-7-tc2/target:/opt/rustwide/target:rw,Z" "-v" "/var/lib/crater-agent-workspace/builds/worker-7-tc2/source:/opt/rustwide/workdir:ro,Z" "-v" "/var/lib/crater-agent-workspace/cargo-home:/opt/rustwide/cargo-home:ro,Z" "-v" "/var/lib/crater-agent-workspace/rustup-home:/opt/rustwide/rustup-home:ro,Z" "-e" "SOURCE_DIR=/opt/rustwide/workdir" "-e" "CARGO_TARGET_DIR=/opt/rustwide/target" "-e" "CARGO_INCREMENTAL=0" "-e" "RUST_BACKTRACE=full" "-e" "RUSTFLAGS=--cap-lints=forbid" "-e" "RUSTDOCFLAGS=--cap-lints=forbid" "-e" "CARGO_HOME=/opt/rustwide/cargo-home" "-e" "RUSTUP_HOME=/opt/rustwide/rustup-home" "-w" "/opt/rustwide/workdir" "-m" "1610612736" "--user" "0:0" "--network" "none" "ghcr.io/rust-lang/crates-build-env/linux@sha256:19e73879b68f455e41552ea35293514db52ea292d993f571636dbffedb77a1ee" "/opt/rustwide/cargo-home/bin/cargo" "+e6e4f7ed1589e03bc2f6c5931c1a72e7947e8682" "check" "--frozen" "--all" "--all-targets" "--message-format=json", kill_on_drop: false }`
[INFO] [stdout] ee2e97dfce296c6ca28d8d246664a86ad68bfa0120cecf76909995ed3e035e5c
[INFO] running `Command { std: "docker" "start" "-a" "ee2e97dfce296c6ca28d8d246664a86ad68bfa0120cecf76909995ed3e035e5c", kill_on_drop: false }`
[INFO] [stderr]    Compiling paste v1.0.6
[INFO] [stderr]     Checking advent_of_code v0.1.0 (/opt/rustwide/workdir)
[INFO] [stdout] error[E0635]: unknown feature `option_result_contains`
[INFO] [stdout]  --> src/main.rs:6:5
[INFO] [stdout]   |
[INFO] [stdout] 6 |     option_result_contains
[INFO] [stdout]   |     ^^^^^^^^^^^^^^^^^^^^^^
[INFO] [stdout] 
[INFO] [stdout] 
[INFO] [stdout] error[E0635]: unknown feature `result_into_ok_or_err`
[INFO] [stdout]  --> src/main.rs:5:5
[INFO] [stdout]   |
[INFO] [stdout] 5 |     result_into_ok_or_err,
[INFO] [stdout]   |     ^^^^^^^^^^^^^^^^^^^^^
[INFO] [stdout] 
[INFO] [stdout] 
[INFO] [stdout] error[E0635]: unknown feature `option_result_contains`
[INFO] [stdout]  --> src/main.rs:6:5
[INFO] [stdout]   |
[INFO] [stdout] 6 |     option_result_contains
[INFO] [stdout]   |     ^^^^^^^^^^^^^^^^^^^^^^
[INFO] [stdout] 
[INFO] [stdout] 
[INFO] [stdout] error[E0635]: unknown feature `result_into_ok_or_err`
[INFO] [stdout]  --> src/main.rs:5:5
[INFO] [stdout]   |
[INFO] [stdout] 5 |     result_into_ok_or_err,
[INFO] [stdout]   |     ^^^^^^^^^^^^^^^^^^^^^
[INFO] [stdout] 
[INFO] [stdout] 
[INFO] [stdout] error[E0599]: no method named `contains` found for enum `Option` in the current scope
[INFO] [stdout]   --> src/day10.rs:57:22
[INFO] [stdout]    |
[INFO] [stdout] 54 |                   } else if stack
[INFO] [stdout]    |  ___________________________-
[INFO] [stdout] 55 | |                     .last()
[INFO] [stdout] 56 | |                     .and_then(|top| top.matching_closer())
[INFO] [stdout] 57 | |                     .contains(&t)
[INFO] [stdout]    | |                     -^^^^^^^^ method not found in `Option<Token>`
[INFO] [stdout]    | |_____________________|
[INFO] [stdout]    | 
[INFO] [stdout] 
[INFO] [stdout] 
[INFO] [stdout] error: aborting due to 3 previous errors
[INFO] [stdout] 
[INFO] [stdout] 
[INFO] [stdout] Some errors have detailed explanations: E0599, E0635.
[INFO] [stdout] 
[INFO] [stdout] For more information about an error, try `rustc --explain E0599`.
[INFO] [stdout] 
[INFO] [stdout] error[E0599]: no method named `contains` found for enum `Option` in the current scope
[INFO] [stdout]   --> src/day10.rs:57:22
[INFO] [stdout]    |
[INFO] [stdout] 54 |                   } else if stack
[INFO] [stdout]    |  ___________________________-
[INFO] [stdout] 55 | |                     .last()
[INFO] [stdout] 56 | |                     .and_then(|top| top.matching_closer())
[INFO] [stdout] 57 | |                     .contains(&t)
[INFO] [stdout]    | |                     -^^^^^^^^ method not found in `Option<Token>`
[INFO] [stdout]    | |_____________________|
[INFO] [stdout]    | 
[INFO] [stdout] 
[INFO] [stdout] 
[INFO] [stderr] error: could not compile `advent_of_code` (bin "advent_of_code") due to 4 previous errors
[INFO] [stderr] warning: build failed, waiting for other jobs to finish...
[INFO] [stdout] error: aborting due to 3 previous errors
[INFO] [stdout] 
[INFO] [stdout] 
[INFO] [stdout] Some errors have detailed explanations: E0599, E0635.
[INFO] [stdout] 
[INFO] [stdout] For more information about an error, try `rustc --explain E0599`.
[INFO] [stdout] 
[INFO] [stderr] error: could not compile `advent_of_code` (bin "advent_of_code" test) due to 4 previous errors
[INFO] running `Command { std: "docker" "inspect" "ee2e97dfce296c6ca28d8d246664a86ad68bfa0120cecf76909995ed3e035e5c", kill_on_drop: false }`
[INFO] running `Command { std: "docker" "rm" "-f" "ee2e97dfce296c6ca28d8d246664a86ad68bfa0120cecf76909995ed3e035e5c", kill_on_drop: false }`
[INFO] [stdout] ee2e97dfce296c6ca28d8d246664a86ad68bfa0120cecf76909995ed3e035e5c
